{"id":1736,"date":"2025-08-26T20:11:08","date_gmt":"2025-08-26T20:11:08","guid":{"rendered":"https:\/\/www.cienciaydescubrimiento.com\/editorial\/?post_type=product&#038;p=1736"},"modified":"2025-08-26T20:27:45","modified_gmt":"2025-08-26T20:27:45","slug":"neurociencia-aplicada","status":"publish","type":"product","link":"https:\/\/www.cienciaydescubrimiento.com\/editorial\/producto\/neurociencia-aplicada\/","title":{"rendered":"Neurociencia aplicada al alto rendimiento deportivo"},"content":{"rendered":"<h1>\u00bfSab\u00edas que el cerebro es el \u00f3rgano maestro de la excelencia deportiva?<\/h1>\n<p>En el deporte de alto rendimiento, la victoria no se gana solo con fuerza f\u00edsica o t\u00e9cnica, sino tambi\u00e9n con una mente entrenada. El libro <b>\u00abNeurociencia aplicada al alto rendimiento deportivo: Estrategias para optimizar el rendimiento\u00bb<\/b> te revela c\u00f3mo funciona el cerebro de un campe\u00f3n y te da las claves para llevar tus habilidades al siguiente nivel.<\/p>\n<p>Escrito por el experto Ronald Jonathan Anchatu\u00f1a Trujillo, este manual es una gu\u00eda esencial para atletas, entrenadores, psic\u00f3logos deportivos y cualquier profesional que busque comprender la conexi\u00f3n entre la mente y el cuerpo para alcanzar el m\u00e1ximo potencial.<\/p>\n<p>En sus p\u00e1ginas, descubrir\u00e1s:<\/p>\n<p><span class=\"citation-49\">\ud83e\udde0\u00a0<\/span><b><span class=\"citation-49\">Fundamentos neurocient\u00edficos:<\/span><\/b><span class=\"citation-49 citation-end-49\"> Aprende sobre la neuroplasticidad y c\u00f3mo el entrenamiento f\u00edsico y mental modifica la estructura y funci\u00f3n cerebral<\/span>.<\/p>\n<p><span class=\"citation-48\">\ud83e\uddd8<\/span><b><span class=\"citation-48\">Regulaci\u00f3n emocional y cognitiva:<\/span><\/b><span class=\"citation-48 citation-end-48\"> Conoce estrategias basadas en la neurociencia para manejar el estr\u00e9s, la ansiedad y mejorar la concentraci\u00f3n en momentos de alta presi\u00f3n<\/span>.<\/p>\n<p><b><span class=\"citation-47\">\ud83c\udfc3\u200d\u2642\ufe0f Control motor avanzado:<\/span><\/b><span class=\"citation-47 citation-end-47\"> Descubre c\u00f3mo el cerebro coordina los movimientos y c\u00f3mo puedes optimizar tu velocidad de reacci\u00f3n, coordinaci\u00f3n y precisi\u00f3n<\/span>.<\/p>\n<p><span class=\"citation-46\">\ud83d\ude34 <\/span><b><span class=\"citation-46\">Recuperaci\u00f3n y optimizaci\u00f3n:<\/span><\/b><span class=\"citation-46 citation-end-46\"> Entiende el papel crucial del sue\u00f1o y la nutrici\u00f3n en la recuperaci\u00f3n cerebral, y c\u00f3mo influyen en el rendimiento a largo plazo<\/span>.<\/p>\n<p>Este libro es una llamada a transformar la preparaci\u00f3n deportiva, integrando la dimensi\u00f3n neurocognitiva para potenciar el rendimiento y la salud cerebral de forma sostenible. \u00a1No esperes m\u00e1s para entrenar tu mente como tu mejor m\u00fasculo! \ud83d\ude80<\/p>\n<div class=\"_3d-flip-book  fb3d-fullscreen-mode full-size\" data-id=\"1734\" data-mode=\"fullscreen\" data-title=\"false\" data-template=\"short-white-book-view\" data-lightbox=\"dark-shadow\" data-urlparam=\"fb3d-page\" data-page-n=\"0\" data-pdf=\"\" data-tax=\"null\" data-thumbnail=\"\" data-cols=\"3\" data-book-template=\"default\" data-trigger=\"\"><\/div><script type=\"text\/javascript\">window.FB3D_CLIENT_DATA = window.FB3D_CLIENT_DATA || [];FB3D_CLIENT_DATA.push('eyJwb3N0cyI6eyIxNzM0Ijp7IklEIjoxNzM0LCJ0aXRsZSI6Ik5ldXJvY2llbmNpYSBhcGxpY2FkYSBhbCBhbHRvIHJlbmRpbWllbnRvIGRlcG9ydGl2byIsInR5cGUiOiJwZGYiLCJyZWFkeV9mdW5jdGlvbiI6IiIsImJvb2tfc3R5bGUiOiJmbGF0IiwiYm9va190ZW1wbGF0ZSI6Im5vbmUiLCJvdXRsaW5lIjpbXSwiZGF0YSI6eyJwb3N0X0lEIjoiMTczNSIsImd1aWQiOiJodHRwczpcL1wvd3d3LmNpZW5jaWF5ZGVzY3VicmltaWVudG8uY29tXC9lZGl0b3JpYWxcL3dwLWNvbnRlbnRcL3VwbG9hZHNcLzIwMjVcLzA4XC9OZXVyb2NpZW5jaWFfYXBsaWNhZGFfYWxfYWx0b19yZW5kaW1pZW50b19kZXBvcnRpdm9fYy5wZGYiLCJwZGZfcGFnZXMiOiIxMzQiLCJwYWdlc19jdXN0b21pemF0aW9uIjoibm9uZSJ9LCJ0aHVtYm5haWwiOnsiZGF0YSI6eyJwb3N0X0lEIjoiMCJ9LCJ0eXBlIjoiYXV0byJ9LCJwcm9wcyI6eyJiYWNrZ3JvdW5kQ29sb3IiOiJhdXRvIiwiYmFja2dyb3VuZEltYWdlIjoiYXV0byIsImJhY2tncm91bmRTdHlsZSI6ImF1dG8iLCJoaWdobGlnaHRMaW5rcyI6ImF1dG8iLCJsaWdodGluZyI6ImF1dG8iLCJzaW5nbGVQYWdlTW9kZSI6ImF1dG8iLCJjYWNoZWRQYWdlcyI6ImF1dG8iLCJyZW5kZXJJbmFjdGl2ZVBhZ2VzIjoiYXV0byIsInJlbmRlckluYWN0aXZlUGFnZXNPbk1vYmlsZSI6ImF1dG8iLCJyZW5kZXJXaGlsZUZsaXBwaW5nIjoiYXV0byIsInByZWxvYWRQYWdlcyI6ImF1dG8iLCJhdXRvUGxheUR1cmF0aW9uIjoiYXV0byIsInJ0bCI6ImF1dG8iLCJpbnRlcmFjdGl2ZUNvcm5lcnMiOiJhdXRvIiwibWF4RGVwdGgiOiJhdXRvIiwic2hlZXQiOnsic3RhcnRWZWxvY2l0eSI6ImF1dG8iLCJ3YXZlIjoiYXV0byIsInNoYXBlIjoiYXV0byIsIndpZHRoVGV4ZWxzIjoiYXV0byIsImNvbG9yIjoiYXV0byIsInNpZGUiOiJhdXRvIiwic3RyZXRjaEltYWdlcyI6ImF1dG8iLCJjb3JuZXJEZXZpYXRpb24iOiJhdXRvIiwiZmxleGliaWxpdHkiOiJhdXRvIiwiZmxleGlibGVDb3JuZXIiOiJhdXRvIiwiYmVuZGluZyI6ImF1dG8iLCJoZWlnaHRUZXhlbHMiOiJhdXRvIn0sImNvdmVyIjp7IndhdmUiOiJhdXRvIiwiY29sb3IiOiJhdXRvIiwic2lkZSI6ImF1dG8iLCJzdHJldGNoSW1hZ2VzIjoiYXV0byIsImJpbmRlclRleHR1cmUiOiJhdXRvIiwiZGVwdGgiOiJhdXRvIiwicGFkZGluZyI6ImF1dG8iLCJzdGFydFZlbG9jaXR5IjoiYXV0byIsImZsZXhpYmlsaXR5IjoiYXV0byIsImZsZXhpYmxlQ29ybmVyIjoiYXV0byIsImJlbmRpbmciOiJhdXRvIiwid2lkdGhUZXhlbHMiOiJhdXRvIiwiaGVpZ2h0VGV4ZWxzIjoiYXV0byIsIm1hc3MiOiJhdXRvIiwic2hhcGUiOiJhdXRvIn0sInBhZ2UiOnsid2F2ZSI6ImF1dG8iLCJjb2xvciI6ImF1dG8iLCJzaWRlIjoiYXV0byIsInN0cmV0Y2hJbWFnZXMiOiJhdXRvIiwiZGVwdGgiOiJhdXRvIiwic3RhcnRWZWxvY2l0eSI6ImF1dG8iLCJmbGV4aWJpbGl0eSI6ImF1dG8iLCJmbGV4aWJsZUNvcm5lciI6ImF1dG8iLCJiZW5kaW5nIjoiYXV0byIsIndpZHRoVGV4ZWxzIjoiYXV0byIsImhlaWdodFRleGVscyI6ImF1dG8iLCJtYXNzIjoiYXV0byIsInNoYXBlIjoiYXV0byJ9LCJoZWlnaHQiOiJhdXRvIiwid2lkdGgiOiJhdXRvIiwiZ3Jhdml0eSI6ImF1dG8iLCJwYWdlc0ZvclByZWRpY3RpbmciOiJhdXRvIn0sImNvbnRyb2xQcm9wcyI6eyJhY3Rpb25zIjp7ImNtZFRvYyI6eyJlbmFibGVkIjoiYXV0byIsImVuYWJsZWRJbk5hcnJvdyI6ImF1dG8iLCJhY3RpdmUiOiJhdXRvIiwiZGVmYXVsdFRhYiI6ImF1dG8ifSwiY21kQXV0b1BsYXkiOnsiZW5hYmxlZCI6ImF1dG8iLCJlbmFibGVkSW5OYXJyb3ciOiJhdXRvIiwiYWN0aXZlIjoiYXV0byJ9LCJjbWRTYXZlIjp7ImVuYWJsZWQiOiJhdXRvIiwiZW5hYmxlZEluTmFycm93IjoiYXV0byJ9LCJjbWRQcmludCI6eyJlbmFibGVkIjoiYXV0byIsImVuYWJsZWRJbk5hcnJvdyI6ImF1dG8ifSwiY21kU2luZ2xlUGFnZSI6eyJlbmFibGVkIjoiYXV0byIsImVuYWJsZWRJbk5hcnJvdyI6ImF1dG8iLCJhY3RpdmUiOiJhdXRvIiwiYWN0aXZlRm9yTW9iaWxlIjoiYXV0byJ9LCJ3aWRUb29sYmFyIjp7ImVuYWJsZWQiOiJhdXRvIiwiZW5hYmxlZEluTmFycm93IjoiYXV0byJ9fX0sImF1dG9UaHVtYm5haWwiOiJodHRwczpcL1wvd3d3LmNpZW5jaWF5ZGVzY3VicmltaWVudG8uY29tXC9lZGl0b3JpYWxcL3dwLWNvbnRlbnRcL3VwbG9hZHNcLzNkLWZsaXAtYm9va1wvYXV0by10aHVtYm5haWxzXC8xNzM0LnBuZyIsInBvc3RfbmFtZSI6Im5ldXJvY2llbmNpYS1hcGxpY2FkYSIsInBvc3RfdHlwZSI6IjNkLWZsaXAtYm9vayJ9fSwicGFnZXMiOltdLCJmaXJzdFBhZ2VzIjpbXX0=');window.FB3D_CLIENT_LOCALE && FB3D_CLIENT_LOCALE.render && FB3D_CLIENT_LOCALE.render();<\/script>\n<h2><strong data-spm-anchor-id=\"a2ty_o01.29997173.0.i3.31d2c921Mj9yKM\">Transforma tus ideas en libro \u2013 reserva una cita con nuestro equipo editorial.<\/strong><\/h2>\n<!--\nPlugin Name: Bookly - Responsive WordPress Appointment Booking and Scheduling Plugin\nPlugin URI: https:\/\/www.booking-wp-plugin.com\/?utm_source=bookly_admin&utm_medium=plugins_page&utm_campaign=plugins_page\nVersion: 27.5-->\n<style type=\"text\/css\">\n    :root {\n        --bookly-main-color: #5f5ab2 !important;\n        --bookly-color: #5f5ab2 !important;\n    }\n\n    <\/style><div class=\"bookly-css-root\">\n    <div id=\"bookly-form-container-6a091a3ac74e0\" class=\"bookly-form\" data-form_id=\"\" aria-live=\"polite\">\n        <div style=\"text-align: center\"><img decoding=\"async\" src=\"https:\/\/www.cienciaydescubrimiento.com\/editorial\/wp-includes\/js\/tinymce\/skins\/lightgray\/img\/loader.gif\" alt=\"Cargando ...\"\/><\/div>\n    <\/div>\n<\/div>\n<script type=\"text\/javascript\">\n    (function (win, fn) {\n        var done = false, top = true,\n            doc = win.document,\n            root = doc.documentElement,\n            modern = doc.addEventListener,\n            add = modern ? 'addEventListener' : 'attachEvent',\n            rem = modern ? 'removeEventListener' : 'detachEvent',\n            pre = modern ? '' : 'on',\n            init = function (e) {\n                if (e.type == 'readystatechange') if (doc.readyState != 'complete') return;\n                (e.type == 'load' ? win : doc)[rem](pre + e.type, init, false);\n                if (!done) {\n                    done = true;\n                    fn.call(win, e.type || e);\n                }\n            },\n            poll = function () {\n                try {\n                    root.doScroll('left');\n                } catch (e) {\n                    setTimeout(poll, 50);\n                    return;\n                }\n                init('poll');\n            };\n        if (doc.readyState == 'complete') fn.call(win, 'lazy');\n        else {\n            if (!modern) if (root.doScroll) {\n                try {\n                    top = !win.frameElement;\n                } catch (e) {\n                }\n                if (top) poll();\n            }\n            doc[add](pre + 'DOMContentLoaded', init, false);\n            doc[add](pre + 'readystatechange', init, false);\n            win[add](pre + 'load', init, false);\n        }\n    })(window, function () {\n        window.bookly( {\"form_id\":\"6a091a3ac74e0\",\"form_data\":{\"skip_service_step\":0,\"hide_service_part1\":0,\"hide_service_part2\":0,\"defaults\":{\"service_id\":0,\"staff_id\":0,\"location_id\":0,\"category_id\":0,\"units\":0,\"date_from\":0,\"time_from\":0,\"time_to\":0}},\"status\":{\"booking\":\"new\"},\"form_token\":null,\"skip_steps\":{\"service_part1\":0,\"service_part2\":0,\"extras\":1,\"time\":0,\"repeat\":1,\"cart\":1},\"errors\":{\"session_error\":\"Error de sesi\\u00f3n.\",\"form_id_error\":\"Error Identificaci\\u00f3n formulario.\",\"cart_item_not_available\":\"La hora seleccionada ya no est\\u00e1 disponible. Por favor elije otra ranura de hora.\",\"pay_locally_not_available\":\"Pagu\\u00e9 no est\\u00e1 disponible.\",\"invalid_gateway\":\"Puerta de enlace no es v\\u00e1lido.\",\"payment_error\":\"Error.\",\"incorrect_username_password\":\"Nombre de usuario o contrase\\u00f1a incorrectos.\"},\"form_attributes\":{\"hide_categories\":false,\"hide_services\":false,\"hide_staff_members\":false,\"show_number_of_persons\":false,\"hide_service_duration\":true,\"hide_locations\":true,\"hide_quantity\":true,\"hide_date\":false,\"hide_week_days\":false,\"hide_time_range\":false},\"use_client_time_zone\":0,\"defaults\":{\"service_id\":0,\"staff_id\":0,\"location_id\":0,\"category_id\":0},\"datepicker_mode\":\"bg-accent\"} );\n    });\n<\/script>\n","protected":false},"excerpt":{"rendered":"<p>\u00bfSab\u00edas que el cerebro es el \u00f3rgano maestro de la excelencia deportiva? En el deporte de alto rendimiento, la victoria no se gana solo con fuerza f\u00edsica o t\u00e9cnica, sino tambi\u00e9n con una mente entrenada. El libro \u00abNeurociencia aplicada al alto rendimiento deportivo: Estrategias para optimizar el rendimiento\u00bb te revela c\u00f3mo funciona el cerebro de un campe\u00f3n y te da las claves para llevar tus habilidades al siguiente nivel. Escrito por el experto Ronald Jonathan Anchatu\u00f1a Trujillo, este manual es una gu\u00eda esencial para atletas, entrenadores, psic\u00f3logos deportivos y cualquier profesional que busque comprender la conexi\u00f3n entre la mente y el cuerpo para alcanzar el m\u00e1ximo potencial. En sus p\u00e1ginas, descubrir\u00e1s: \ud83e\udde0\u00a0Fundamentos neurocient\u00edficos: Aprende sobre la neuroplasticidad y c\u00f3mo el entrenamiento f\u00edsico y mental modifica la estructura y funci\u00f3n cerebral. \ud83e\uddd8Regulaci\u00f3n emocional y cognitiva: Conoce estrategias basadas en la neurociencia para manejar el estr\u00e9s, la ansiedad y mejorar la concentraci\u00f3n en momentos de alta presi\u00f3n. \ud83c\udfc3\u200d\u2642\ufe0f Control motor avanzado: Descubre c\u00f3mo el cerebro coordina los movimientos y c\u00f3mo puedes optimizar tu velocidad de reacci\u00f3n, coordinaci\u00f3n y precisi\u00f3n. \ud83d\ude34 Recuperaci\u00f3n y optimizaci\u00f3n: Entiende el papel crucial del sue\u00f1o y la nutrici\u00f3n en la recuperaci\u00f3n cerebral, y c\u00f3mo influyen en el rendimiento a largo plazo. Este libro es una llamada a transformar la preparaci\u00f3n deportiva, integrando la dimensi\u00f3n neurocognitiva para potenciar el rendimiento y la salud cerebral de forma sostenible. \u00a1No esperes m\u00e1s para entrenar tu mente como tu mejor m\u00fasculo! \ud83d\ude80 Transforma tus ideas en libro \u2013 reserva una cita con nuestro equipo editorial.<\/p>\n","protected":false},"featured_media":1737,"comment_status":"open","ping_status":"closed","template":"","meta":[],"product_brand":[],"product_cat":[114,97,18],"product_tag":[518,525,529,532,523,517,66,528,530,521,534,516,522,527,533,520,526,519,531,524],"class_list":{"0":"post-1736","1":"product","2":"type-product","3":"status-publish","4":"has-post-thumbnail","6":"product_cat-educacion-fisica","7":"product_cat-neurociencia-aplicada","8":"product_cat-sin-categorizar","9":"product_tag-alto-rendimiento","10":"product_tag-ansiedad-en-el-deporte","11":"product_tag-atletas","12":"product_tag-ciencia-deportiva","13":"product_tag-control-motor","14":"product_tag-deporte","15":"product_tag-ecuador","16":"product_tag-enfoque-mental","17":"product_tag-entrenadores","18":"product_tag-entrenamiento-mental","19":"product_tag-mente-y-cuerpo","20":"product_tag-neurociencia","21":"product_tag-neuroplasticidad","22":"product_tag-nutricion-cerebral","23":"product_tag-preparacion-fisica","24":"product_tag-psicologia-deportiva","25":"product_tag-recuperacion-cerebral","26":"product_tag-rendimiento-deportivo","27":"product_tag-salud-mental","28":"product_tag-toma-de-decisiones","30":"first","31":"instock","32":"taxable","33":"shipping-taxable","34":"product-type-simple"},"_links":{"self":[{"href":"https:\/\/www.cienciaydescubrimiento.com\/editorial\/wp-json\/wp\/v2\/product\/1736","targetHints":{"allow":["GET"]}}],"collection":[{"href":"https:\/\/www.cienciaydescubrimiento.com\/editorial\/wp-json\/wp\/v2\/product"}],"about":[{"href":"https:\/\/www.cienciaydescubrimiento.com\/editorial\/wp-json\/wp\/v2\/types\/product"}],"replies":[{"embeddable":true,"href":"https:\/\/www.cienciaydescubrimiento.com\/editorial\/wp-json\/wp\/v2\/comments?post=1736"}],"wp:featuredmedia":[{"embeddable":true,"href":"https:\/\/www.cienciaydescubrimiento.com\/editorial\/wp-json\/wp\/v2\/media\/1737"}],"wp:attachment":[{"href":"https:\/\/www.cienciaydescubrimiento.com\/editorial\/wp-json\/wp\/v2\/media?parent=1736"}],"wp:term":[{"taxonomy":"product_brand","embeddable":true,"href":"https:\/\/www.cienciaydescubrimiento.com\/editorial\/wp-json\/wp\/v2\/product_brand?post=1736"},{"taxonomy":"product_cat","embeddable":true,"href":"https:\/\/www.cienciaydescubrimiento.com\/editorial\/wp-json\/wp\/v2\/product_cat?post=1736"},{"taxonomy":"product_tag","embeddable":true,"href":"https:\/\/www.cienciaydescubrimiento.com\/editorial\/wp-json\/wp\/v2\/product_tag?post=1736"}],"curies":[{"name":"wp","href":"https:\/\/api.w.org\/{rel}","templated":true}]}}